What is (5 - 17 - -22) + (5 - -1) - 6?
10
7 - 21 - (-16 - 20)
22
What is (8 - (-10 - -12)) + -14 + (0 - 0)?
-8
13 - (-23 + 14 - (-3 + 4))
23
What is 20 - (-1 - 3) - (-11 + 0 + 18)?
17
-1 - 7 - -5 - (-6 - -2 - -3)
-2
What is the value of -5 + 5 + 0 + (-7 - 8) + 26?
11
What is (2 - 13 - (-13 + 4)) + 7?
5
-10 + 0 + -3 + 3 + -9
-19
Calculate (299 - 275) + (1 - 1) + (2 - 8).
18
Evaluate -5 - (7 + -23 + -27 + (-2 - -4)).
36
Calculate -13 - (14 - 31) - 26.
-22
(-2 - 4) + -35 + (4 - -20)
-17
12 + -13 + -24 + 25
0
What is the value of 4 + 34 - (307 - 292)?
23
Calculate -6 + 0 + 4 - (-6 - -9).
-5
What is the value of (-12 - 1) + (315 - 300)?
2
What is the value of -9 + (-4 - 4 - -14) + 0?
-3
What is -5 + 43 - (32 + 33)?
-27
Evaluate -10 - (8 + (-3 - (12 + -3))).
-6
What is the value of -18 + (11 - (-7 - -10)) - 6?
-16
What is 12 + 2 + (1 + (-46 - 9) - -1)?
-39
What is the value of 14 + 2 - (142 + -120)?
-6
-2 + (-22 - 1) - (-2040 + 2025)
-10
(12 - 1) + (-10 - -10) + -18
-7
13 + (6 - (3 + -3) - 1) + -9
9
Calculate 1 - (-29 - 0 - (115 - 107)).
38
What is the value of -123 + 108 - (-12 - 0)?
-3
Calculate 0 + (15 - 10 - (6 - 4)) + -20.
-17
What is the value of -5 + (8 - -13) - 11?
5
Calculate (-2 - -13) + (7 - (-31 + 63)).
-14
What is the value of (-62 - (7 - 69)) + (0 - (1 + 6))?
-7
What is the value of (-4 + -10 + 34 - 16) + -13?
-9
(-5 - (-2 + -3)) + (10 - 2)
8
Evaluate -5 + 0 + -7 + 13 + 0 + -7.
-6
Evaluate -2 - 0 - ((1 - (19 - 9)) + -3).
10
-10 + (-2 - -9 - 6) + 26
17
9 + 6 + -7 + -3 - 8
-3
Calculate -5 + (-8 - (-9 - 0 - -9)).
-13
What is the value of 5 - 7 - (-2 - 4 - (28 - 47))?
-15
What is the value of 3 - (6 - (3 + -5 + -2 + 5))?
-2
Evaluate -48 + 26 + (1 - 4).
-25
Calculate (7 - -17) + (-63 - -75).
36
Calculate 4 - -1 - (5 + 0 - 11).
11
Calculate -77 - -76 - (-1 + 2 + 14) - -6.
-10
What is (-3 - 4 - 0) + 2 + -3 + 2?
-6
What is the value of 2 + (8 - 12) + -14?
-16
What is 17 - (34 + (1 - -2))?
-20
(-11 - -6 - -31) + -11 + 1 + -2
14
Calculate 1 + -5 - (-2 - (14 - 4) - -10).
-2
-1 + (-3 - (-8 + 4 + -11) - -6)
17
Evaluate 5 - (3 + (13 - 7)).
-4
Evaluate -172 - -209 - (-8 - -10).
35
What is 7 - (-16 + 15 + 0)?
8
What is the value of -1 - -1 - (-15 - -43 - 31)?
3
Evaluate 40 + -43 - ((-3 - 1) + 7).
-6
(-2 - 10) + (-3 - (-9 - (-10 + 6)))
-10
-14 + 35 - 12 - 3
6
Evaluate -15 - (26 + -23 - 46).
28
What is (-1 - 0) + 4 - (0 + -17 - -33)?
-13
(13 - (-36 + 42)) + (13 - -1)
21
Evaluate (2 - 14) + (-44 - -44) + (1 - -2).
-9
Evaluate 1 + 9 + 3 + (9 - 6) + -9.
7
What is 5 + 7 - (-15 - -36)?
-9
What is -9 + 8 + (0 - 2) + 15?
12
-3 - (-9 + -9 + (-4 - -10) + -5)
14
What is the value of 8 + 2 - 16 - -3?
-3
Calculate 40 + -43 - (-3 - -5 - 9).
4
Calculate 30 + (-27 - (-28 - -6 - -13)).
12
(0 + -17 - 6) + 3 + 4
-16
What is 1 + 23 + (6 - 18) + 0 + -1?
11
Calculate -8 - (11 + -9 + 2).
-12
What is -2 + (-19 - (-3 + -15 + 13))?
-16
-11 - (-4 + -5 + 16 - 1)
-17
What is the value of -90 + 44 + 70 - (3 - (-1 - 0))?
20
What is 3 - 5 - -11 - (0 - -27)?
-18
What is the value of 11 + (-12 + 0 - (5 + -9)) + -13?
-10
What is (1 - 0) + (15 - 1) + 36 + -40?
11
Evaluate -10 + 33 - (-18 - -23).
18
Evaluate 10 + 3 + (6 - (-1 - -15)).
5
Calculate -14 + 10 + -7 + 22.
11
What is (10 - -15) + -33 - (-12 - 7)?
11
What is 241 + -243 - ((6 - -2) + 4)?
-14
Calculate (-1 - (5 + -2)) + (-200 - -180).
-24
What is the value of -3 - -2 - -3 - -4 - (1 + -3)?
8
What is the value of 10 + -3 - (-1 - 3) - -5?
16
What is the value of -9 + (24 - (8 - -2)) + (0 - -6)?
11
3 + (2 - 2 - (9 + 8))
-14
What is -13 - (-2 - -10 - (-44 + 79))?
14
10 - (-7 - (-14 + (-1 - (5 - 10))))
7
Calculate 3 + -11 + 8 - (-1 - 16).
17
(14 - (7 - 6)) + 3
16
What is the value of (-8 - (-7 - 5)) + -13?
-9
What is (6 + -10 - 15) + 40 - 7?
14
What is -16 + 7 + 17 - 7 - -8?
9
Evaluate -7 + 3 + -3 + (13 - 1).
5
Evaluate (13 + -28 - 8) + (18 - 5).
-10
What is the value of (-5 - -1 - 15 - 1) + 2 + -3?
-21
9 - (-1 - -12) - -1 - 2
-3
Evaluate 4 + 11 - (15 + -15 - -9).
6
What is 8 + -3 + (3 - 0 - 6) + -30?
-28
What is the value of -7 + (0 - 6 - (-5 - (0 + -1)))?
-9
What is 161 + -107 + -58 - (-7 - -1)?
2
-6 + 2 - (0 + -3 + 2)
-3
Evaluate 19 - 7 - 7 - (-8 - 3).
16
Calculate 14 + -7 + -14 + 5.
-2
Calculate 52 - 50 - (1 - -2) - -6.
5
10 + 1 - (-14 + 1 + 47)
-23
(51 + -10 - 44) + (2 - 2) + -36
-39
What is 4 - 16 - (-8 + 2) - 4?
-10
-28 + 6 - ((-12 - -8) + 0 + -4)
-14
Evaluate -11 - (-13 - (6 - (5 - -5))).
-2
What is 5 - (-20 - -23) - (-13 - 2)?
17
What is the value of -1 - 18 - (9 - 9 - 8)?
-11
Evaluate -9 + -17 + 0 + 13 + (-2 - -10).
-5
What is the value of (2 - (12 - (29 + -9))) + -11?
-1
Calculate -4 - (-5 + (-16 - (-32 - -16))).
1
-14 - (19 + -26 + 7)
-14
What is the value of 4 + -6 - 5 - 4?
-11
-21 + (7 - (-7 + 8 - 7)) + -7
-15
Calculate 83 + -28 - 61 - (-48 + 1).
41
Evaluate -11 + (-8 - 1) - -40.
20
Calculate 0 + 14 + -10 + 7 - 0.
11
What is the value of 13 + 32 + -76 + (1 - -9)?
-21
Calculate -35 + -4 + 30 - 6.
-15
-12 - ((-3 - 3) + 7 + -14)
1
Evaluate -21 + 20 + -3 - (1 - 0 - 0).
-5
Evaluate 0 + 15 + -127 + 122.
10
-14 + (1 - (2 - (-6 + 3 + 9)))
-9
-4 - (2 - (3 + 3)) - -1
1
What is the value of 116 + -150 - (2 + 0 - 10)?
-26
1 - (-228 + 225 - (1 + (-7 - -2)))
0
9 + 1 - (15 - (15 + -3))
7
What is (-6 - (15 - 2 - (0 - 5))) + 4?
-20
What is -39 + 63 - (8 - (-2 - -6))?
20
-23 + 8 + -15 + 14 + -6
-22
What is 4 + (0 + -17 - (2 - -1) - -1)?
-15
Calculate (-35 - -5) + 266 + -249.
-13
0 + -3 - (0 - 14) - 0
11
5 + (-83 + 91 - (37 + 0))
-24
What is (-30 - -21 - (1 - 9)) + -9?
-10
0 - (-3 + 3 + -1 - (21 - 8))
14
What is the value of -5 - (88 + -92 + 2 + 0)?
-3
What is 3 + 1 - (11 + (-5 - 1 - -1))?
-2
What is -10 - (0 - -1) - (2056 + -2054)?
-13
What is the value of 4 - (8 + -20 - -17)?
-1
Evaluate 1 + (0 - 2) - (-13 - -12).
0
Evaluate 4 + 2 + -1 - (4 - (-7 + 4)).
-2
What is the value of 10 - (-6 - (7 + 0 - 9))?
14
What is the value of -14 + 8 - (11 - (2 + 8))?
-7
Calculate 6 - 0 - 6 - 0 - -7.
7
What is the value of -8 - (10 - (19 - (-5 + 9)))?
-3
-14 + 2 + 2 + 25
15
Evaluate 9 - 2 - (32 + -23) - -4.
2
Calculate 11 + 1 + (-17 + 70 - 68).
-3
What is the value of 6 + 2 - (-12 + 4 + 7)?
9
What is the value of 0 - -16 - (-17 + 23 - (4 + -1))?
13
Evaluate -7 + (-3 - -6) + -2 + 5 + -1.
-2
What is the value of (8 - 4 - -5) + -5 + (1 - -1)?
6
-25 + 38 + -3 + 1
11
What is the value of 1 + (14 - -4) + -10 - 13?
-4
Calculate 4 - (140 + -124 + (-25 - 1)).
14
What is (25 - 27) + -5 - -25?
18
Evaluate 3 + -1 - (-59 + -11 + 56).
16
What is 2 + -10 + -120 + 123?
-5
Calculate 34 + 3 + -17 + -6.
14
What is 4 - -1 - (-1 + 33 - (-6 - -20))?
-13
Calculate (-184 - -130) + 34 + -1.
-21
What is (-753 - -761) + (10 - (4 - 1 - 1))?
16
What is 97 + -27 + -58 + 10 + (-1 - 0)?
21
9 - (51 + (-11 - 1) + (-3 - 4))
-23
-1 + -1 - (-29 + 74 + -30)
-17
Calculate 10 + 18 + -10 + -30.
-12
Evaluate 14 - (11 + -6 - -22).
-13
Calculate (2 - 3 - 4) + 1 + 1 - -7.
4
What is 26 + -29 + (-4 - -1)?
-6
Evaluate (-163 - -160 - (-1 - 16)) + 2.
16
-3 + 6 + -13 - -9
-1
Evaluate -9 - (2 + -11 + 5 - (0 - -2)).
-3
Calculate (12 - -1) + (-11 + (8 - 2) - -6).
14
What is (-1 - 7) + -44 + 27 + 24?
-1
Evaluate -15 + -11 + (9 - -20).
3
Evaluate (-16 + 7 - (-20 - -2)) + -1.
8
Evaluate -15 + (-3 - -13) + -7.
-12
Evaluate 20 - (7 + 44) - -5.
-26
18 - (0 + (5 - 11) + (-12 - -14))
22
-12 - -33 - (1 - 1)
21
What is the value of -7 - -2 - -7 - (15 + -6 + 7)?
-14
What is 2 + -2 - (81 - 88)?
7
-52 - (-27 + 14 - 22)
-17
What is the value of (6 - (1 - 0)) + (-103 - -93)?
-5
Evaluate 5 - (-7 + 22 + (2 - 5)).
-7
(-10 - -58) + -22 + -11
15
What is (1 - -2) + (13 - (2 + 1) - 15)?
-2
Calculate 22 + (6 - 20) + 0.
8
0 - 8 - (-20 - (9 - 23))
-2
What is 29 + (-8 - (2 + -1)) - 4?
16
What is (-6 - 0 - 5) + 9 + -9?
-11
What is -34 - ((-293 - -298) + (-10 + 2 - 0))?
-31
3 - (1 + 1 + 4) - (-4 + -2)
3
Calculate 8 - 20 - (-6 + 6) - 17.
-29
Calculate -13 + 67 + -25 - 31.
-2
What is -362 - -352 - (-2 + 18)?
-26
What is the value of -68 + 2 + 44 - -33?
11
What is 29 - (3 + 30) - (2 + 1)?
-7
16 - (7 - -5 - -22)
-18
Evaluate (-21 - -33) + -13 - (2 - -2).
-5
What is 0 + -31 + (529 - 478)?
20
Calculate -7 - (450 + -448 - (0 + 29)).
20
Evaluate 1 - -2 - (-12 + 9 + 12).
-6
What is 41 - (66 + -9 + -29)?
13
What is (14 + -15 - 6) + (8 - 4)?
-3